{"id":288,"date":"2019-05-16T02:41:58","date_gmt":"2019-05-16T02:41:58","guid":{"rendered":"http:\/\/192.168.1.123\/wordpress-work\/edumy\/?page_id=288"},"modified":"2025-04-08T18:33:24","modified_gmt":"2025-04-08T16:33:24","slug":"home","status":"publish","type":"page","link":"https:\/\/andreiposse.com\/cursos\/","title":{"rendered":"Home"},"content":{"rendered":"\t\t<div data-elementor-type=\"wp-post\" data-elementor-id=\"288\" class=\"elementor elementor-288\" data-elementor-post-type=\"page\">\n\t\t\t\t<div class=\"elementor-element elementor-element-c70ac36 e-con-full e-flex e-con e-parent\" data-id=\"c70ac36\" data-element_type=\"container\">\n\t\t<div class=\"elementor-element elementor-element-9a7979e e-con-full e-flex e-con e-child\" data-id=\"9a7979e\" data-element_type=\"container\">\n\t\t\t\t<div class=\"elementor-element elementor-element-da5b6b0 elementor--h-position-center elementor--v-position-middle elementor-arrows-position-inside elementor-pagination-position-inside elementor-widget elementor-widget-slides\" data-id=\"da5b6b0\" data-element_type=\"widget\" data-settings=\"{&quot;navigation&quot;:&quot;both&quot;,&quot;autoplay&quot;:&quot;yes&quot;,&quot;pause_on_hover&quot;:&quot;yes&quot;,&quot;pause_on_interaction&quot;:&quot;yes&quot;,&quot;autoplay_speed&quot;:5000,&quot;infinite&quot;:&quot;yes&quot;,&quot;transition&quot;:&quot;slide&quot;,&quot;transition_speed&quot;:500}\" data-widget_type=\"slides.default\">\n\t\t\t\t<div class=\"elementor-widget-container\">\n\t\t\t\t\t<div class=\"elementor-swiper\">\n\t\t\t<div class=\"elementor-slides-wrapper elementor-main-swiper swiper\" dir=\"ltr\" data-animation=\"fadeInUp\">\n\t\t\t\t<div class=\"swiper-wrapper elementor-slides\">\n\t\t\t\t\t\t\t\t\t\t<div class=\"elementor-repeater-item-2344193 swiper-slide\"><div class=\"swiper-slide-bg\" role=\"img\"><\/div><a class=\"swiper-slide-inner\" href=\"https:\/\/andreiposse.com\/cursos\/2025elevo-mi-frecuencia\/\"><div class=\"swiper-slide-contents\"><div class=\"elementor-slide-heading\">Elevando tu Frecuencia<\/div><div class=\"elementor-slide-description\">El sistema pr\u00e1ctico para desarrollar la habilidad de elegir tu vibraci\u00f3n interna y materializar la vida que quieres.\n\n<\/div><div  class=\"elementor-button elementor-slide-button elementor-size-sm\">UNETE A ELEVANDO TU FRECUENCIA<\/div><\/div><\/a><\/div><div class=\"elementor-repeater-item-324077b swiper-slide\"><div class=\"swiper-slide-bg\" role=\"img\"><\/div><div class=\"elementor-background-overlay\"><\/div><a class=\"swiper-slide-inner\" href=\"https:\/\/andreiposse.com\/cursos\/la-fuente-de-la-riqueza\/\"><div class=\"swiper-slide-contents\"><div class=\"elementor-slide-heading\">La Fuente de la Riqueza<\/div><div class=\"elementor-slide-description\">Crea una relaci\u00f3n abundante con el dinero con una hora al d\u00eda\n\n<\/div><div  class=\"elementor-button elementor-slide-button elementor-size-sm\">UNETE A LA FUENTE DE LA RIQUEZA<\/div><\/div><\/a><\/div><div class=\"elementor-repeater-item-4bd9e6c swiper-slide\"><div class=\"swiper-slide-bg\" role=\"img\"><\/div><div class=\"elementor-background-overlay\"><\/div><a class=\"swiper-slide-inner\" href=\"https:\/\/andreiposse.com\/cursos\/club-jugando-a-vivir\/\"><div class=\"swiper-slide-contents\"><div class=\"elementor-slide-heading\">Club \"Jugando a Vivir\"<\/div><div class=\"elementor-slide-description\">Si sos una persona decidida a vivir la vida como un juego, a crear momentos y experiencias extraordinarias y que tus manifestaciones perduren en el tiempo, este es el espacio que necesitas para liberar tu esencia reprimida y finalmente volver a BRILLAR\u2026\n<\/div><div  class=\"elementor-button elementor-slide-button elementor-size-sm\">UNETE AL CLUB<\/div><\/div><\/a><\/div>\t\t\t\t<\/div>\n\t\t\t\t\t\t\t\t\t\t\t\t\t\t\t<div class=\"swiper-pagination\"><\/div>\n\t\t\t\t\t\t\t\t\t\t\t\t\t\t\t\t<div class=\"elementor-swiper-button elementor-swiper-button-prev\" role=\"button\" tabindex=\"0\">\n\t\t\t\t\t\t\t<svg aria-hidden=\"true\" class=\"e-font-icon-svg e-eicon-chevron-left\" viewBox=\"0 0 1000 1000\" xmlns=\"http:\/\/www.w3.org\/2000\/svg\"><path d=\"M646 125C629 125 613 133 604 142L308 442C296 454 292 471 292 487 292 504 296 521 308 533L604 854C617 867 629 875 646 875 663 875 679 871 692 858 704 846 713 829 713 812 713 796 708 779 692 767L438 487 692 225C700 217 708 204 708 187 708 171 704 154 692 142 675 129 663 125 646 125Z\"><\/path><\/svg>\t\t\t\t\t\t\t<span class=\"elementor-screen-only\">Previous slide<\/span>\n\t\t\t\t\t\t<\/div>\n\t\t\t\t\t\t<div class=\"elementor-swiper-button elementor-swiper-button-next\" role=\"button\" tabindex=\"0\">\n\t\t\t\t\t\t\t<svg aria-hidden=\"true\" class=\"e-font-icon-svg e-eicon-chevron-right\" viewBox=\"0 0 1000 1000\" xmlns=\"http:\/\/www.w3.org\/2000\/svg\"><path d=\"M696 533C708 521 713 504 713 487 713 471 708 454 696 446L400 146C388 133 375 125 354 125 338 125 325 129 313 142 300 154 292 171 292 187 292 204 296 221 308 233L563 492 304 771C292 783 288 800 288 817 288 833 296 850 308 863 321 871 338 875 354 875 371 875 388 867 400 854L696 533Z\"><\/path><\/svg>\t\t\t\t\t\t\t<span class=\"elementor-screen-only\">Next slide<\/span>\n\t\t\t\t\t\t<\/div>\n\t\t\t\t\t\t\t\t\t\t\t\t<\/div>\n\t\t<\/div>\n\t\t\t\t<\/div>\n\t\t\t\t<\/div>\n\t\t\t\t<\/div>\n\t\t\t\t<\/div>\n\t\t<div class=\"elementor-element elementor-element-4af1b74 e-flex e-con-boxed e-con e-parent\" data-id=\"4af1b74\" data-element_type=\"container\">\n\t\t\t\t\t<div class=\"e-con-inner\">\n\t\t<div class=\"elementor-element elementor-element-d0c8f5b e-con-full e-flex e-con e-child\" data-id=\"d0c8f5b\" data-element_type=\"container\">\n\t\t\t\t<div class=\"elementor-element elementor-element-1d48830 elementor-widget elementor-widget-edumy_heading\" data-id=\"1d48830\" data-element_type=\"widget\" data-widget_type=\"edumy_heading.default\">\n\t\t\t\t<div class=\"elementor-widget-container\">\n\t\t\t<h2 class=\"edumy-heading-title edumy-size-default\">\u00bfQu\u00e9 tenemos para ti?<\/h2><div class=\"edumy-heading-subtitle\">Si las dudas, la frustraci\u00f3n o la inseguridad te impiden avanzar en tu vida, es momento de volver a la esencia\n\n<\/div>\t\t<\/div>\n\t\t\t\t<\/div>\n\t\t<div class=\"elementor-element elementor-element-8788409 e-con-full e-flex e-con e-child\" data-id=\"8788409\" data-element_type=\"container\">\n\t\t<div class=\"elementor-element elementor-element-0f18be5 e-con-full e-flex e-con e-child\" data-id=\"0f18be5\" data-element_type=\"container\">\n\t\t\t\t<div class=\"elementor-element elementor-element-2a1ca52 elementor-widget elementor-widget-image\" data-id=\"2a1ca52\" data-element_type=\"widget\" data-widget_type=\"image.default\">\n\t\t\t\t<div class=\"elementor-widget-container\">\n\t\t\t\t\t\t\t\t\t\t\t\t\t\t<a href=\"https:\/\/andreiposse.com\/cursos\/2025elevo-mi-frecuencia\/\">\n\t\t\t\t\t\t\t<img fetchpriority=\"high\" decoding=\"async\" width=\"660\" height=\"660\" src=\"https:\/\/andreiposse.com\/cursos\/wp-content\/uploads\/2024\/11\/2_1080_2-1024x1024.jpg\" class=\"elementor-animation-bob attachment-large size-large wp-image-4677\" alt=\"\" srcset=\"https:\/\/andreiposse.com\/cursos\/wp-content\/uploads\/2024\/11\/2_1080_2-1024x1024.jpg 1024w, https:\/\/andreiposse.com\/cursos\/wp-content\/uploads\/2024\/11\/2_1080_2-300x300.jpg 300w, https:\/\/andreiposse.com\/cursos\/wp-content\/uploads\/2024\/11\/2_1080_2-150x150.jpg 150w, https:\/\/andreiposse.com\/cursos\/wp-content\/uploads\/2024\/11\/2_1080_2-768x768.jpg 768w, https:\/\/andreiposse.com\/cursos\/wp-content\/uploads\/2024\/11\/2_1080_2-100x100.jpg 100w, https:\/\/andreiposse.com\/cursos\/wp-content\/uploads\/2024\/11\/2_1080_2.jpg 1080w\" sizes=\"(max-width: 660px) 100vw, 660px\" \/>\t\t\t\t\t\t\t\t<\/a>\n\t\t\t\t\t\t\t\t\t\t\t\t\t<\/div>\n\t\t\t\t<\/div>\n\t\t\t\t<\/div>\n\t\t<div class=\"elementor-element elementor-element-7bb4012 e-con-full e-flex e-con e-child\" data-id=\"7bb4012\" data-element_type=\"container\">\n\t\t\t\t<div class=\"elementor-element elementor-element-16b9981 elementor-widget elementor-widget-image\" data-id=\"16b9981\" data-element_type=\"widget\" data-widget_type=\"image.default\">\n\t\t\t\t<div class=\"elementor-widget-container\">\n\t\t\t\t\t\t\t\t\t\t\t\t\t\t<a href=\"https:\/\/andreiposse.com\/cursos\/la-fuente-de-la-riqueza\/\">\n\t\t\t\t\t\t\t<img decoding=\"async\" width=\"660\" height=\"660\" src=\"https:\/\/andreiposse.com\/cursos\/wp-content\/uploads\/2024\/11\/1080-1024x1024.jpg\" class=\"elementor-animation-bob attachment-large size-large wp-image-4678\" alt=\"\" srcset=\"https:\/\/andreiposse.com\/cursos\/wp-content\/uploads\/2024\/11\/1080-1024x1024.jpg 1024w, https:\/\/andreiposse.com\/cursos\/wp-content\/uploads\/2024\/11\/1080-300x300.jpg 300w, https:\/\/andreiposse.com\/cursos\/wp-content\/uploads\/2024\/11\/1080-150x150.jpg 150w, https:\/\/andreiposse.com\/cursos\/wp-content\/uploads\/2024\/11\/1080-768x768.jpg 768w, https:\/\/andreiposse.com\/cursos\/wp-content\/uploads\/2024\/11\/1080-100x100.jpg 100w, https:\/\/andreiposse.com\/cursos\/wp-content\/uploads\/2024\/11\/1080.jpg 1080w\" sizes=\"(max-width: 660px) 100vw, 660px\" \/>\t\t\t\t\t\t\t\t<\/a>\n\t\t\t\t\t\t\t\t\t\t\t\t\t<\/div>\n\t\t\t\t<\/div>\n\t\t\t\t<\/div>\n\t\t<div class=\"elementor-element elementor-element-9635b01 e-con-full e-flex e-con e-child\" data-id=\"9635b01\" data-element_type=\"container\">\n\t\t\t\t<div class=\"elementor-element elementor-element-f7253d7 elementor-widget elementor-widget-image\" data-id=\"f7253d7\" data-element_type=\"widget\" data-widget_type=\"image.default\">\n\t\t\t\t<div class=\"elementor-widget-container\">\n\t\t\t\t\t\t\t\t\t\t\t\t\t\t<a href=\"https:\/\/andreiposse.com\/cursos\/la-fuente-de-la-riqueza\/\">\n\t\t\t\t\t\t\t<img decoding=\"async\" width=\"600\" height=\"600\" src=\"https:\/\/andreiposse.com\/cursos\/wp-content\/uploads\/2024\/11\/ClubJugando_600x600.jpg\" class=\"elementor-animation-bob attachment-large size-large wp-image-4564\" alt=\"\" srcset=\"https:\/\/andreiposse.com\/cursos\/wp-content\/uploads\/2024\/11\/ClubJugando_600x600.jpg 600w, https:\/\/andreiposse.com\/cursos\/wp-content\/uploads\/2024\/11\/ClubJugando_600x600-300x300.jpg 300w, https:\/\/andreiposse.com\/cursos\/wp-content\/uploads\/2024\/11\/ClubJugando_600x600-150x150.jpg 150w, https:\/\/andreiposse.com\/cursos\/wp-content\/uploads\/2024\/11\/ClubJugando_600x600-100x100.jpg 100w\" sizes=\"(max-width: 600px) 100vw, 600px\" \/>\t\t\t\t\t\t\t\t<\/a>\n\t\t\t\t\t\t\t\t\t\t\t\t\t<\/div>\n\t\t\t\t<\/div>\n\t\t\t\t<\/div>\n\t\t\t\t<\/div>\n\t\t\t\t<\/div>\n\t\t\t\t\t<\/div>\n\t\t\t\t<\/div>\n\t\t<div class=\"elementor-element elementor-element-65f6ed6 e-flex e-con-boxed e-con e-parent\" data-id=\"65f6ed6\" data-element_type=\"container\" data-settings=\"{&quot;background_background&quot;:&quot;classic&quot;}\">\n\t\t\t\t\t<div class=\"e-con-inner\">\n\t\t<div class=\"elementor-element elementor-element-c298763 e-con-full e-flex e-con e-child\" data-id=\"c298763\" data-element_type=\"container\">\n\t\t\t\t<div class=\"elementor-element elementor-element-2caba51 elementor-widget elementor-widget-text-editor\" data-id=\"2caba51\" data-element_type=\"widget\" data-widget_type=\"text-editor.default\">\n\t\t\t\t<div class=\"elementor-widget-container\">\n\t\t\t\t\t\t\t<p><strong><span style=\"color: #9b1bff;\">Soy<\/span><\/strong><\/p><p><strong>Andrei Posse<\/strong><\/p>\t\t\t\t\t\t<\/div>\n\t\t\t\t<\/div>\n\t\t\t\t<div class=\"elementor-element elementor-element-19c5d3e elementor-widget elementor-widget-text-editor\" data-id=\"19c5d3e\" data-element_type=\"widget\" data-widget_type=\"text-editor.default\">\n\t\t\t\t<div class=\"elementor-widget-container\">\n\t\t\t\t\t\t\t<p><b>Entrenador emocional y mentor en Desarrollo Personal y Ley de Atracci\u00f3n.<\/b><\/p><p><span style=\"font-weight: 400;\">He ayudado a miles de personas a despertar su potencial humano y a lograr una transformaci\u00f3n trascendental en sus vidas,\u00a0<\/span><\/p><p><span style=\"font-weight: 400;\">Desde joven me sumerg\u00ed en la psicolog\u00eda, coaching y diferentes t\u00e9cnicas emocionales.<\/span><\/p><p><span style=\"font-weight: 400;\">En el 2020 frente a la pandemia de COVID-19 y al ver el sufrimiento de tantas personas, me embarqu\u00e9 en la misi\u00f3n de utilizar las redes sociales para compartir mis conocimientos y herramientas emocionales, para que las personas tengan acceso a un cambio en sus vidas.<\/span><\/p><p><span style=\"font-weight: 400;\">Gracias a mi contenido, eventos presenciales, cursos y meditaciones online, he llegado a m\u00e1s de 1 mill\u00f3n\u00a0 de seguidores en las diferentes redes como YouTube, Tik Tok e Instagram.<\/span><\/p><p><span style=\"font-weight: 400;\">Actualmente imparto capacitaciones a nivel nacional e internacional compartiendo mi m\u00e9todo y mis ense\u00f1anzas para una mejor calidad de vida.<\/span><\/p>\t\t\t\t\t\t<\/div>\n\t\t\t\t<\/div>\n\t\t\t\t<\/div>\n\t\t<div class=\"elementor-element elementor-element-066c5e6 e-con-full e-flex e-con e-child\" data-id=\"066c5e6\" data-element_type=\"container\">\n\t\t\t\t<div class=\"elementor-element elementor-element-be041b4 elementor-widget elementor-widget-image\" data-id=\"be041b4\" data-element_type=\"widget\" data-widget_type=\"image.default\">\n\t\t\t\t<div class=\"elementor-widget-container\">\n\t\t\t\t\t\t\t\t\t\t\t\t\t<img decoding=\"async\" src=\"https:\/\/andreiposse.com\/wp-content\/uploads\/2024\/07\/bio-Andrei3-1.png\" title=\"\" alt=\"\" loading=\"lazy\" \/>\t\t\t\t\t\t\t\t\t\t\t\t\t<\/div>\n\t\t\t\t<\/div>\n\t\t\t\t<\/div>\n\t\t\t\t\t<\/div>\n\t\t\t\t<\/div>\n\t\t\t\t<\/div>\n\t\t","protected":false},"excerpt":{"rendered":"<p>Elevando tu FrecuenciaEl sistema pr\u00e1ctico para desarrollar la habilidad de elegir tu vibraci\u00f3n interna y materializar la vida que quieres. UNETE A ELEVANDO TU FRECUENCIALa Fuente de la RiquezaCrea una relaci\u00f3n abundante con el dinero con una hora al d\u00eda UNETE A LA FUENTE DE LA RIQUEZAClub \u00abJugando a Vivir\u00bbSi sos una persona decidida a &hellip; <br \/><a href=\"https:\/\/andreiposse.com\/cursos\/\" class=\"more-link\">Continue reading <span class=\"screen-reader-text\">Home<\/span><\/a><\/p>\n","protected":false},"author":1,"featured_media":0,"parent":0,"menu_order":0,"comment_status":"closed","ping_status":"closed","template":"elementor_header_footer","meta":{"footnotes":""},"class_list":["post-288","page","type-page","status-publish","hentry"],"_links":{"self":[{"href":"https:\/\/andreiposse.com\/cursos\/wp-json\/wp\/v2\/pages\/288","targetHints":{"allow":["GET"]}}],"collection":[{"href":"https:\/\/andreiposse.com\/cursos\/wp-json\/wp\/v2\/pages"}],"about":[{"href":"https:\/\/andreiposse.com\/cursos\/wp-json\/wp\/v2\/types\/page"}],"author":[{"embeddable":true,"href":"https:\/\/andreiposse.com\/cursos\/wp-json\/wp\/v2\/users\/1"}],"replies":[{"embeddable":true,"href":"https:\/\/andreiposse.com\/cursos\/wp-json\/wp\/v2\/comments?post=288"}],"version-history":[{"count":31,"href":"https:\/\/andreiposse.com\/cursos\/wp-json\/wp\/v2\/pages\/288\/revisions"}],"predecessor-version":[{"id":5425,"href":"https:\/\/andreiposse.com\/cursos\/wp-json\/wp\/v2\/pages\/288\/revisions\/5425"}],"wp:attachment":[{"href":"https:\/\/andreiposse.com\/cursos\/wp-json\/wp\/v2\/media?parent=288"}],"curies":[{"name":"wp","href":"https:\/\/api.w.org\/{rel}","templated":true}]}}